culate the remainder when 265 is divided by 54.
49
What is the remainder when 166 is divided by 13?
10
What is the remainder when 2378 is divided by 70?
68
Calculate the remainder when 362 is divided by 11.
10
What is the remainder when 1235 is divided by 177?
173
Calculate the remainder when 93 is divided by 25.
18
Calculate the remainder when 2468 is divided by 226.
208
Calculate the remainder when 234 is divided by 234.
0
What is the remainder when 115 is divided by 98?
17
What is the remainder when 1723 is divided by 8?
3
Calculate the remainder when 538 is divided by 77.
76
What is the remainder when 591 is divided by 33?
30
What is the remainder when 112 is divided by 5?
2
Calculate the remainder when 643 is divided by 54.
49
Calculate the remainder when 141 is divided by 21.
15
What is the remainder when 224 is divided by 45?
44
What is the remainder when 513 is divided by 26?
19
What is the remainder when 112 is divided by 58?
54
Calculate the remainder when 1202 is divided by 173.
164
Calculate the remainder when 565 is divided by 184.
13
What is the remainder when 235 is divided by 73?
16
Calculate the remainder when 26 is divided by 12.
2
What is the remainder when 1536 is divided by 44?
40
Calculate the remainder when 189 is divided by 76.
37
Calculate the remainder when 688 is divided by 26.
12
What is the remainder when 2206 is divided by 67?
62
Calculate the remainder when 230 is divided by 38.
2
Calculate the remainder when 9658 is divided by 210.
208
Calculate the remainder when 87 is divided by 15.
12
What is the remainder when 657 is divided by 30?
27
Calculate the remainder when 1059 is divided by 135.
114
What is the remainder when 177 is divided by 58?
3
What is the remainder when 679 is divided by 34?
33
Calculate the remainder when 29372 is divided by 12.
8
Calculate the remainder when 607 is divided by 19.
18
Calculate the remainder when 937 is divided by 309.
10
What is the remainder when 1084 is divided by 270?
4
What is the remainder when 1165 is divided by 65?
60
What is the remainder when 204 is divided by 88?
28
Calculate the remainder when 44 is divided by 33.
11
What is the remainder when 744 is divided by 37?
4
Calculate the remainder when 86 is divided by 45.
41
What is the remainder when 178 is divided by 30?
28
What is the remainder when 1007 is divided by 149?
113
Calculate the remainder when 348 is divided by 154.
40
What is the remainder when 110 is divided by 99?
11
Calculate the remainder when 2093 is divided by 697.
2
Calculate the remainder when 4772 is divided by 16.
4
Calculate the remainder when 303 is divided by 94.
21
What is the remainder when 2228 is divided by 31?
27
What is the remainder when 5250 is divided by 101?
99
Calculate the remainder when 688 is divided by 191.
115
Calculate the remainder when 41 is divided by 4.
1
Calculate the remainder when 505 is divided by 51.
46
What is the remainder when 114 is divided by 23?
22
Calculate the remainder when 161 is divided by 4.
1
What is the remainder when 679 is divided by 163?
27
What is the remainder when 130 is divided by 42?
4
What is the remainder when 4836 is divided by 4828?
8
Calculate the remainder when 90 is divided by 23.
21
What is the remainder when 21350 is divided by 41?
30
What is the remainder when 1567 is divided by 196?
195
Calculate the remainder when 3158 is divided by 79.
77
What is the remainder when 657 is divided by 210?
27
What is the remainder when 280 is divided by 47?
45
Calculate the remainder when 2973 is divided by 331.
325
What is the remainder when 457 is divided by 79?
62
Calculate the remainder when 364 is divided by 46.
42
What is the remainder when 40 is divided by 23?
17
Calculate the remainder when 246 is divided by 59.
10
Calculate the remainder when 16732 is divided by 21.
16
What is the remainder when 926 is divided by 29?
27
Calculate the remainder when 217 is divided by 22.
19
Calculate the remainder when 499 is divided by 62.
3
Calculate the remainder when 48 is divided by 8.
0
What is the remainder when 2741 is divided by 7?
4
Calculate the remainder when 847 is divided by 35.
7
Calculate the remainder when 1189 is divided by 348.
145
What is the remainder when 169 is divided by 52?
13
Calculate the remainder when 26 is divided by 13.
0
What is the remainder when 722 is divided by 122?
112
What is the remainder when 256 is divided by 79?
19
Calculate the remainder when 685 is divided by 98.
97
What is the remainder when 264 is divided by 262?
2
Calculate the remainder when 786 is divided by 116.
90
Calculate the remainder when 1136 is divided by 270.
56
Calculate the remainder when 428 is divided by 86.
84
What is the remainder when 292 is divided by 21?
19
Calculate the remainder when 227 is divided by 1.
0
What is the remainder when 3914 is divided by 22?
20
Calculate the remainder when 4615 is divided by 46.
15
Calculate the remainder when 589 is divided by 290.
9
What is the remainder when 7494 is divided by 20?
14
What is the remainder when 835 is divided by 60?
55
What is the remainder when 1783 is divided by 112?
103
Calculate the remainder when 2935 is divided by 14.
9
Calculate the remainder when 373 is divided by 34.
33
Calculate the remainder when 57 is divided by 23.
11
Calculate the remainder when 68 is divided by 67.
1
What is the remainder when 208 is divided by 7?
5
What is the remainder when 1072 is divided by 281?
229
Calculate the remainder when 90 is divided by 4.
2
What is the remainder when 210 is divided by 206?
4
Calculate the remainder when 10113 is divided by 36.
33
What is the remainder when 3261 is divided by 102?
99
Calculate the remainder when 340 is divided by 57.
55
What is the remainder when 411 is divided by 83?
79
Calculate the remainder when 174 is divided by 36.
30
What is the remainder when 81 is divided by 38?
5
What is the remainder when 1436 is divided by 131?
126
Calculate the remainder when 138 is divided by 47.
44
Calculate the remainder when 736 is divided by 6.
4
What is the remainder when 252 is divided by 85?
82
What is the remainder when 203 is divided by 24?
11
Calculate the remainder when 2 is divided by 1.
0
Calculate the remainder when 657 is divided by 135.
117
Calculate the remainder when 204 is divided by 45.
24
What is the remainder when 67 is divided by 14?
11
What is the remainder when 40 is divided by 36?
4
What is the remainder when 325 is divided by 56?
45
Calculate the remainder when 621 is divided by 26.
23
What is the remainder when 16718 is divided by 17?
7
Calculate the remainder when 166 is divided by 11.
1
Calculate the remainder when 602 is divided by 68.
58
What is the remainder when 43 is divided by 19?
5
What is the remainder when 167 is divided by 5?
2
What is the remainder when 1474 is divided by 41?
39
Calculate the remainder when 2018 is divided by 47.
44
Calculate the remainder when 143 is divided by 43.
14
What is the remainder when 272 is divided by 28?
20
What is the remainder when 2518 is divided by 12?
10
Calculate the remainder when 539 is divided by 76.
7
Calculate the remainder when 161 is divided by 28.
21
Calculate the remainder when 764 is divided by 38.
4
What is the remainder when 309 is divided by 62?
61
What is the remainder when 3110 is divided by 3?
2
Calculate the remainder when 1789 is divided by 32.
29
Calculate the remainder when 3219 is divided by 104.
99
Calculate the remainder when 5454 is divided by 15.
9
What is the remainder when 291 is divided by 168?
123
What is the remainder when 1746 is divided by 42?
24
What is the remainder when 303 is divided by 35?
23
What is the remainder when 3403 is divided by 131?
128
What is the remainder when 368 is divided by 83?
36
What is the remainder when 325 is divided by 47?
43
Calculate the remainder when 389 is divided by 118.
35
What is the remainder when 209 is divided by 105?
104
What is the remainder when 119 is divided by 23?
4
What is the remainder when 3390 is divided by 64?
62
Calculate the remainder when 331 is divided by 16.
11
What is the remainder when 133 is divided by 11?
1
What is the remainder when 781 is divided by 28?
25
Calculate the remainder when 66 is divided by 23.
20
Calculate the remainder when 262 is divided by 24.
22
What